{"id":3,"date":"2018-09-15T19:21:22","date_gmt":"2018-09-15T17:21:22","guid":{"rendered":"http:\/\/www.dubuisson-export.fr\/?page_id=3"},"modified":"2018-10-31T18:23:52","modified_gmt":"2018-10-31T17:23:52","slug":"politique-de-confidentialite","status":"publish","type":"page","link":"https:\/\/www.dubuisson-export.fr\/?page_id=3","title":{"rendered":"Politique de confidentialit\u00e9"},"content":{"rendered":"<h2><strong>Politique de confidentialit\u00e9<\/strong><\/h2>\n<p><strong>Conform\u00e9ment \u00e0 la loi n\u00b0 78-17 du 6 janvier 1978 relative \u00e0 l&rsquo;informatique, aux fichiers et aux libert\u00e9s et \u00e0 la<\/strong>\u00a0loi<strong> n\u00b0 2018-493 du\u00a020 juin 2018\u00a0relative \u00e0 la protection des donn\u00e9es, <a href=\"https:\/\/www.dubuisson-export.fr\/\">Dubuisson-Export<\/a> s\u2019engage<\/strong>\u00a0\u00e0 respecter la confidentialit\u00e9 des renseignements personnels collect\u00e9s.<\/p>\n<p>La pr\u00e9sente Politique de Confidentialit\u00e9 s\u2019applique \u00e0 tous les sites Internet, applications ou services g\u00e9r\u00e9s et diffus\u00e9s par nous. Elle d\u00e9crit la fa\u00e7on dont nous collectons, utilisons, conservons et prot\u00e9geons les donn\u00e9es \u00e0 caract\u00e8re personnel de nos prospects, clients et utilisateurs.<\/p>\n<ol>\n<li><strong>Collecte des renseignements personnels<\/strong><\/li>\n<\/ol>\n<p>Nous collectons des informations vous concernant lorsque vous :<\/p>\n<ul>\n<li>Vous inscrivez pour utiliser nos sites Internet, applications ou services (y compris lors des essais gratuits),<\/li>\n<li>Vous inscrivez \u00e0 notre Newsletter,<\/li>\n<li>Passez une commande en utilisant nos sites Internet, applications ou services,<\/li>\n<li>Remplissez des formulaires en ligne ou hors ligne, t\u00e9l\u00e9chargez des informations, telles que des livres blancs ou d&rsquo;autres publications, ou participez \u00e0 toute activit\u00e9 propos\u00e9e sur les diff\u00e9rents espaces interactifs pr\u00e9sents sur nos sites Internet, applications ou services,<\/li>\n<li>Interagissez avec nous en utilisant les r\u00e9seaux sociaux,<\/li>\n<li>Nous contacter par t\u00e9l\u00e9phone, e-mail ou courrier, par exemple.<\/li>\n<\/ul>\n<p>Sous r\u00e9serve de la l\u00e9gislation applicable, nous pouvons compl\u00e9ter les donn\u00e9es personnelles que nous collectons avec des informations obtenues par des tiers qui sont autoris\u00e9s \u00e0 les partager ; \u00e0 titre d&rsquo;exemple, des informations provenant de prestataires en recherche d&rsquo;informations ou de sources publiques (par exemple, aux fins de v\u00e9rification pr\u00e9alable de la client\u00e8le\u00a0: <a href=\"https:\/\/www.infogreffe.fr\/\" target=\"_blank\" rel=\"noopener\">Infogreffe.fr<\/a>, <a href=\"https:\/\/www.societe.com\/\" target=\"_blank\" rel=\"noopener\">societes.com<\/a> \u2026).<\/p>\n<p>Si vous nous fournissez des donn\u00e9es personnelles concernant un tiers, il est de votre responsabilit\u00e9 de vous assurer de votre respect de la r\u00e9glementation applicable en mati\u00e8re de protection des donn\u00e9es \u00e0 caract\u00e8re personnel et notamment de vos obligations en mati\u00e8re d\u2019obtention du consentement pr\u00e9alable des personnes dont vous nous fournissez les donn\u00e9es personnelles. A ce titre, vous devez avoir pr\u00e9venu la personne concern\u00e9e et obtenu son accord expr\u00e8s pour nous fournir ses donn\u00e9es personnelles et l\u2019avoir inform\u00e9e de la fa\u00e7on dont nous collectons, utilisons, et conservons les donn\u00e9es personnelles la concernant ou l\u2019inviter \u00e0 lire notre Politique de confidentialit\u00e9.<\/p>\n<p>Nous collectons les renseignements suivants :<\/p>\n<ul>\n<li>Etat civil\u00a0: Nom et pr\u00e9nom, date et lieu de naissance, t\u00e9l\u00e9phone portable, adresse personnelle,<\/li>\n<li>Vie professionnelle\u00a0: Raison sociale, CV, dipl\u00f4mes, num\u00e9ro Siret, num\u00e9ro APE, date de cr\u00e9ation, OPCA, adresse, t\u00e9l\u00e9phone fixe professionnel, n\u00b0 de registre Maison des Artistes, statut,<\/li>\n<li>Internet\u00a0: adresse mail, adresse site web, adresse Facebook,<\/li>\n<li>Informations d\u2019ordre \u00e9conomique et financier\u00a0: Chiffre d\u2019affaires, moyens de paiement utilis\u00e9s dans le cadre de notre relation commerciale, historique des paiements,<\/li>\n<li>Donn\u00e9es de connexion,<\/li>\n<li>Produits et services achet\u00e9s ou utilis\u00e9s.<\/li>\n<\/ul>\n<ol start=\"2\">\n<li><strong>Utilisation des informations personnelles<\/strong><\/li>\n<\/ol>\n<p>Les donn\u00e9es collect\u00e9es sur nos sites, applications et formulaires nous permettent\u00a0de :<\/p>\n<ul>\n<li>R\u00e9pondre \u00e0 nos obligations contractuelles \u00e0 votre \u00e9gard, et notamment d\u2019\u00e9tablir les dossiers de financement des formations,<\/li>\n<li>R\u00e9aliser la gestion administrative interne des dossiers de formation, de conseil et d\u2019accompagnement,<\/li>\n<li>G\u00e9rer la relation avec nos clients et prospects,<\/li>\n<li>Assurer le service avant-vente et vendre,<\/li>\n<li>Facturer et encaisser les paiements, recouvrer les impay\u00e9s,<\/li>\n<li>Organiser des op\u00e9rations de marketing direct,<\/li>\n<li>Analyser les usages des offres et des\u00a0services pour faire des propositions adapt\u00e9es \u00e0 nos clients,<\/li>\n<li>Sonder nos clients ou utilisateurs,<\/li>\n<li>Am\u00e9liorer nos offres et nos contenus de sites Internet, applications et services,<\/li>\n<li>D\u00e9velopper et fournir de nouvelles fonctionnalit\u00e9s ou de nouvelles prestations ou formations.<\/li>\n<\/ul>\n<ol start=\"3\">\n<li><strong>Les destinataires des donn\u00e9es trait\u00e9es<\/strong><\/li>\n<\/ol>\n<p>Ces donn\u00e9es sont accessibles aux services de <a href=\"https:\/\/www.dubuisson-export.fr\/\"><strong>Dubuisson-Export <\/strong><\/a>et sont transf\u00e9r\u00e9es aux organismes financeurs lorsque n\u00e9cessaire. De m\u00eame, certaines donn\u00e9es sont accessibles aux formateurs et consultants ext\u00e9rieurs \u00e0 qui sont confi\u00e9es des prestations vous concernant. Les donn\u00e9es peuvent \u00e9galement \u00eatre trait\u00e9es par des tiers auxquels nous avons eu recours pour la r\u00e9alisation des transactions de paiement, tels que des \u00e9tablissements financiers et bancaires. Aucune information personnelle n\u2019est c\u00e9d\u00e9e \u00e0 des tiers, \u00e0 titre gratuit ou on\u00e9reux.<\/p>\n<ol start=\"4\">\n<li><strong>Vos droits<\/strong><\/li>\n<\/ol>\n<p>Conform\u00e9ment \u00e0 la loi Informatique et Libert\u00e9s du 6 janvier 1978 et la loi<strong> n\u00b0 2018-493 du\u00a020 juin 2018\u00a0relative \u00e0 la protection des donn\u00e9es personnelles,\u00a0<\/strong> vous disposez d\u2019un droit d\u2019acc\u00e8s, de rectification et de suppression des donn\u00e9es qui vous concernent. Vous pouvez demander la portabilit\u00e9 de ces derni\u00e8res. Vous avez \u00e9galement le droit de vous opposer aux traitements r\u00e9alis\u00e9s ou d\u2019en demander la limitation.<\/p>\n<p>Si vous retirez votre consentement \u00e0 l&rsquo;utilisation de vos donn\u00e9es personnelles aux fins pr\u00e9vues dans notre Politique de confidentialit\u00e9, nous pourrions, par voie de cons\u00e9quence, ne plus \u00eatre en mesure de vous fournir un acc\u00e8s \u00e0 tout ou partie de nos sites Internet, applications et services.<\/p>\n<ol start=\"5\">\n<li><strong>Exercer vos droits<\/strong><\/li>\n<\/ol>\n<div class=\"gdlr-core-widget-box-shortcode \" style=\"color: #0a0a0a ;background-color: #d1d3d1 ;\"  ><h3 class=\"gdlr-core-widget-box-shortcode-title\" style=\"color: #0a0a0a ;\"  >Vos droits<\/h3><div class=\"gdlr-core-widget-box-shortcode-content\" ><p>\nPour pouvoir exercer vos droits, vous pouvez nous contacter :<br \/>\nPar eMail\u00a0: <a href=\"mailto:contact@dubuisson-export.fr\">contact@dubuisson-export.fr<\/a><br \/>\nPar courrier\u00a0: <a href=\"https:\/\/www.dubuisson-export.fr\">Dubuisson-Export<\/a> \u2013 32 bis rue des Lyonnais \u2013 75005 Paris &#8211; France<br \/>\nPar t\u00e9l\u00e9phone\u00a0: +33 (0)1 43 31 64 92<\/p>\n<\/div><\/div>\n<p>Toute demande d&rsquo;exercice de vos droits doit \u00eatre accompagn\u00e9e de la photocopie d&rsquo;un justificatif d&rsquo;identit\u00e9. Une r\u00e9ponse vous sera adress\u00e9e dans un d\u00e9lai d&rsquo;un mois \u00e0 compter de la r\u00e9ception de votre demande. Si vos \u00e9changes avec nous n\u2019ont pas \u00e9t\u00e9 satisfaisants, vous avez la possibilit\u00e9 d\u2019introduire une r\u00e9clamation aupr\u00e8s de la <a href=\"https:\/\/www.cnil.fr\/professionnel\" target=\"_blank\" rel=\"noopener\">Commission Nationale de l\u2019Informatique et des Libert\u00e9s<\/a> (CNIL), autorit\u00e9 de contr\u00f4le en charge du respect des obligations en mati\u00e8re de donn\u00e9es \u00e0 caract\u00e8re personnel en France.<\/p>\n<p>De plus, vous pouvez librement vous d\u00e9sabonner de notre liste de diffusion en cliquant sur\u00a0le lien \u201cse d\u00e9sabonner\u201d\u00a0\u00e0 la fin de chaque mailing.<\/p>\n<ol start=\"6\">\n<li><strong>La s\u00e9curisation des donn\u00e9es personnelles<\/strong><\/li>\n<\/ol>\n<p><a href=\"https:\/\/www.dubuisson-export.fr\/\"><strong>Dubuisson-Export <\/strong><\/a>s\u2019assure que vos donn\u00e9es sont trait\u00e9es en toute s\u00e9curit\u00e9 et confidentialit\u00e9, y compris lorsque certaines op\u00e9rations sont r\u00e9alis\u00e9es par des sous-traitants.<\/p>\n<p>Nous veillons \u00e0 la s\u00e9curit\u00e9 de vos donn\u00e9es en prenant les mesures techniques et structurelles n\u00e9cessaires pour pr\u00e9venir leur traitement illicite ou non autoris\u00e9, leur perte ou leur destruction. Nous nous effor\u00e7ons de prot\u00e9ger de notre mieux les donn\u00e9es personnelles vous concernant. Cependant, nous ne pouvons garantir la s\u00e9curit\u00e9 de vos donn\u00e9es transmises \u00e0 nos sites Internet, applications ou services par l&rsquo;interm\u00e9diaire d&rsquo;une connexion Internet ou toute autre connexion. Si nous vous avons attribu\u00e9 (ou si vous avez choisi) un mot de passe vous permettant d&rsquo;acc\u00e9der \u00e0 certains espaces de nos sites Internet, applications ou services, veuillez conserver celui-ci de mani\u00e8re confidentielle ; nous ne partagerons ce mot de passe avec personne. Si vous pensez que votre compte a \u00e9t\u00e9 pirat\u00e9, veuillez nous contacter \u00e0 l&rsquo;adresse <em><a href=\"mailto:contact@dubuisson-export.fr.\">contact@dubuisson-export.fr.<\/a><\/em><\/p>\n<ol start=\"7\">\n<li><strong>Temps de conservation des donn\u00e9es<\/strong><\/li>\n<\/ol>\n<p>Nous conserverons vos donn\u00e9es personnelles pendant la dur\u00e9e de notre relation commerciale et post\u00e9rieurement \u00e0 son \u00e9ch\u00e9ance, pendant une dur\u00e9e de trois ans. Dans les cas o\u00f9 nous n&rsquo;aurions plus besoin de vos donn\u00e9es personnelles, nous d\u00e9truirons celles-ci de mani\u00e8re s\u00e9curis\u00e9e (sans vous envoyer tout autre pr\u00e9avis).<\/p>\n<ol start=\"8\">\n<li><strong>Droit d\u2019auteur &amp; Copyright<\/strong><\/li>\n<\/ol>\n<p>L\u2019ensemble de nos sites Internet, applications et services et chacun de ses \u00e9l\u00e9ments pris s\u00e9par\u00e9ment rel\u00e8vent de la l\u00e9gislation fran\u00e7aise et internationale sur le droit d\u2019auteur et plus largement de la propri\u00e9t\u00e9 intellectuelle (incluant notamment la protection au titre du droit d\u2019auteur, du droit des marques, du droit des bases de donn\u00e9es, etc.).\u00a0La reproduction de tout ou partie de ce site sur quelque support que ce soit, est formellement interdite sauf autorisation expresse du directeur de la publication. Toute autre utilisation est soumise \u00e0 notre accord pr\u00e9alable et devra dans ce cas\u00a0porter la mention claire et lisible de la source, par exemple : \u00ab\u00a0Source :\u00a0<a href=\"https:\/\/www.dubuisson-export.fr\/\"><strong>Dubuisson-Export <\/strong><\/a>tous droits r\u00e9serv\u00e9s\u00a0\u00bb.<\/p>\n<ol start=\"9\">\n<li><strong>Autres sites et r\u00e9seaux sociaux<\/strong><\/li>\n<\/ol>\n<p>Si vous suivez un lien \u00e0 partir de notre site Internet vers un autre site ou service, la pr\u00e9sente Politique de Confidentialit\u00e9 n&rsquo;est plus applicable. Nous d\u00e9clinons toute responsabilit\u00e9 s&rsquo;agissant des pratiques de traitement des donn\u00e9es personnelles de sites ou de services de tiers et nous vous encourageons \u00e0 lire les politiques de confidentialit\u00e9 diffus\u00e9es sur les sites ou services concern\u00e9s.<\/p>\n<ol start=\"10\">\n<li><strong>Information sur les Cookies<\/strong><\/li>\n<\/ol>\n<p>Si vous d\u00e9posez un commentaire sur notre site, il vous sera propos\u00e9 d\u2019enregistrer votre nom, adresse de messagerie et site web dans des cookies. C\u2019est uniquement pour votre confort afin de ne pas avoir \u00e0 saisir ces informations si vous d\u00e9posez un autre commentaire plus tard. Ces cookies expirent au bout d\u2019un an.<\/p>\n<p>Si vous avez un compte et que vous vous connectez sur ce site, un cookie temporaire sera cr\u00e9\u00e9 afin de d\u00e9terminer si votre navigateur accepte les cookies. Il ne contient pas de donn\u00e9es personnelles et sera supprim\u00e9 automatiquement \u00e0 la fermeture de votre navigateur.<\/p>\n<p>Lorsque vous vous connecterez, nous mettrons en place un certain nombre de cookies pour enregistrer vos informations de connexion et vos pr\u00e9f\u00e9rences d\u2019\u00e9cran. La dur\u00e9e de vie d\u2019un cookie de connexion est de deux jours, celle d\u2019un cookie d\u2019option d\u2019\u00e9cran est d\u2019un an. Si vous cochez \u00ab\u00a0Se souvenir de moi\u00a0\u00bb, votre cookie de connexion sera conserv\u00e9 pendant deux semaines. Si vous vous d\u00e9connectez de votre compte, le cookie de connexion sera effac\u00e9.<\/p>\n<p>En modifiant ou en publiant une publication, un cookie suppl\u00e9mentaire sera enregistr\u00e9 dans votre navigateur. Ce cookie ne comprend aucune donn\u00e9e personnelle. Il indique simplement l\u2019ID de la publication que vous venez de modifier. Il expire au bout d\u2019un jour.<\/p>\n","protected":false},"excerpt":{"rendered":"<p>Politique de confidentialit\u00e9 Conform\u00e9ment \u00e0 la loi n\u00b0 78-17 du 6 janvier 1978 relative \u00e0 l&rsquo;informatique, aux fichiers et aux libert\u00e9s et \u00e0 la\u00a0loi n\u00b0 2018-493 du\u00a020 juin 2018\u00a0relative \u00e0 la protection des donn\u00e9es, Dubuisson-Export s\u2019engage\u00a0\u00e0 respecter la confidentialit\u00e9 des renseignements personnels collect\u00e9s. La pr\u00e9sente Politique de Confidentialit\u00e9 s\u2019applique \u00e0 tous les sites Internet, applications [&hellip;]<\/p>\n","protected":false},"author":1,"featured_media":0,"parent":0,"menu_order":0,"comment_status":"closed","ping_status":"open","template":"","meta":{"footnotes":""},"class_list":["post-3","page","type-page","status-publish","hentry"],"yoast_head":"<!-- This site is optimized with the Yoast SEO plugin v19.0 - https:\/\/yoast.com\/wordpress\/plugins\/seo\/ -->\n<title>Politique de confidentialit\u00e9 - Dubuisson Export<\/title>\n<meta name=\"robots\" content=\"index, follow, max-snippet:-1, max-image-preview:large, max-video-preview:-1\" \/>\n<link rel=\"canonical\" href=\"https:\/\/www.dubuisson-export.fr\/?page_id=3\" \/>\n<meta property=\"og:locale\" content=\"fr_FR\" \/>\n<meta property=\"og:type\" content=\"article\" \/>\n<meta property=\"og:title\" content=\"Politique de confidentialit\u00e9 - Dubuisson Export\" \/>\n<meta property=\"og:description\" content=\"Politique de confidentialit\u00e9 Conform\u00e9ment \u00e0 la loi n\u00b0 78-17 du 6 janvier 1978 relative \u00e0 l&rsquo;informatique, aux fichiers et aux libert\u00e9s et \u00e0 la\u00a0loi n\u00b0 2018-493 du\u00a020 juin 2018\u00a0relative \u00e0 la protection des donn\u00e9es, Dubuisson-Export s\u2019engage\u00a0\u00e0 respecter la confidentialit\u00e9 des renseignements personnels collect\u00e9s. La pr\u00e9sente Politique de Confidentialit\u00e9 s\u2019applique \u00e0 tous les sites Internet, applications [&hellip;]\" \/>\n<meta property=\"og:url\" content=\"https:\/\/www.dubuisson-export.fr\/?page_id=3\" \/>\n<meta property=\"og:site_name\" content=\"Dubuisson Export\" \/>\n<meta property=\"article:publisher\" content=\"https:\/\/www.facebook.com\/christinedubuisson.export\" \/>\n<meta property=\"article:modified_time\" content=\"2018-10-31T17:23:52+00:00\" \/>\n<meta name=\"twitter:card\" content=\"summary_large_image\" \/>\n<meta name=\"twitter:label1\" content=\"Dur\u00e9e de lecture estim\u00e9e\" \/>\n\t<meta name=\"twitter:data1\" content=\"8 minutes\" \/>\n<script type=\"application\/ld+json\" class=\"yoast-schema-graph\">{\"@context\":\"https:\/\/schema.org\",\"@graph\":[{\"@type\":\"WebSite\",\"@id\":\"https:\/\/www.dubuisson-export.fr\/#website\",\"url\":\"https:\/\/www.dubuisson-export.fr\/\",\"name\":\"Dubuisson Export\",\"description\":\"La valorisation du Made In France\",\"potentialAction\":[{\"@type\":\"SearchAction\",\"target\":{\"@type\":\"EntryPoint\",\"urlTemplate\":\"https:\/\/www.dubuisson-export.fr\/?s={search_term_string}\"},\"query-input\":\"required name=search_term_string\"}],\"inLanguage\":\"fr-FR\"},{\"@type\":\"WebPage\",\"@id\":\"https:\/\/www.dubuisson-export.fr\/?page_id=3#webpage\",\"url\":\"https:\/\/www.dubuisson-export.fr\/?page_id=3\",\"name\":\"Politique de confidentialit\u00e9 - Dubuisson Export\",\"isPartOf\":{\"@id\":\"https:\/\/www.dubuisson-export.fr\/#website\"},\"datePublished\":\"2018-09-15T17:21:22+00:00\",\"dateModified\":\"2018-10-31T17:23:52+00:00\",\"breadcrumb\":{\"@id\":\"https:\/\/www.dubuisson-export.fr\/?page_id=3#breadcrumb\"},\"inLanguage\":\"fr-FR\",\"potentialAction\":[{\"@type\":\"ReadAction\",\"target\":[\"https:\/\/www.dubuisson-export.fr\/?page_id=3\"]}]},{\"@type\":\"BreadcrumbList\",\"@id\":\"https:\/\/www.dubuisson-export.fr\/?page_id=3#breadcrumb\",\"itemListElement\":[{\"@type\":\"ListItem\",\"position\":1,\"name\":\"Accueil\",\"item\":\"https:\/\/www.dubuisson-export.fr\/\"},{\"@type\":\"ListItem\",\"position\":2,\"name\":\"Politique de confidentialit\u00e9\"}]}]}<\/script>\n<!-- \/ Yoast SEO plugin. -->","yoast_head_json":{"title":"Politique de confidentialit\u00e9 - Dubuisson Export","robots":{"index":"index","follow":"follow","max-snippet":"max-snippet:-1","max-image-preview":"max-image-preview:large","max-video-preview":"max-video-preview:-1"},"canonical":"https:\/\/www.dubuisson-export.fr\/?page_id=3","og_locale":"fr_FR","og_type":"article","og_title":"Politique de confidentialit\u00e9 - Dubuisson Export","og_description":"Politique de confidentialit\u00e9 Conform\u00e9ment \u00e0 la loi n\u00b0 78-17 du 6 janvier 1978 relative \u00e0 l&rsquo;informatique, aux fichiers et aux libert\u00e9s et \u00e0 la\u00a0loi n\u00b0 2018-493 du\u00a020 juin 2018\u00a0relative \u00e0 la protection des donn\u00e9es, Dubuisson-Export s\u2019engage\u00a0\u00e0 respecter la confidentialit\u00e9 des renseignements personnels collect\u00e9s. La pr\u00e9sente Politique de Confidentialit\u00e9 s\u2019applique \u00e0 tous les sites Internet, applications [&hellip;]","og_url":"https:\/\/www.dubuisson-export.fr\/?page_id=3","og_site_name":"Dubuisson Export","article_publisher":"https:\/\/www.facebook.com\/christinedubuisson.export","article_modified_time":"2018-10-31T17:23:52+00:00","twitter_card":"summary_large_image","twitter_misc":{"Dur\u00e9e de lecture estim\u00e9e":"8 minutes"},"schema":{"@context":"https:\/\/schema.org","@graph":[{"@type":"WebSite","@id":"https:\/\/www.dubuisson-export.fr\/#website","url":"https:\/\/www.dubuisson-export.fr\/","name":"Dubuisson Export","description":"La valorisation du Made In France","potentialAction":[{"@type":"SearchAction","target":{"@type":"EntryPoint","urlTemplate":"https:\/\/www.dubuisson-export.fr\/?s={search_term_string}"},"query-input":"required name=search_term_string"}],"inLanguage":"fr-FR"},{"@type":"WebPage","@id":"https:\/\/www.dubuisson-export.fr\/?page_id=3#webpage","url":"https:\/\/www.dubuisson-export.fr\/?page_id=3","name":"Politique de confidentialit\u00e9 - Dubuisson Export","isPartOf":{"@id":"https:\/\/www.dubuisson-export.fr\/#website"},"datePublished":"2018-09-15T17:21:22+00:00","dateModified":"2018-10-31T17:23:52+00:00","breadcrumb":{"@id":"https:\/\/www.dubuisson-export.fr\/?page_id=3#breadcrumb"},"inLanguage":"fr-FR","potentialAction":[{"@type":"ReadAction","target":["https:\/\/www.dubuisson-export.fr\/?page_id=3"]}]},{"@type":"BreadcrumbList","@id":"https:\/\/www.dubuisson-export.fr\/?page_id=3#breadcrumb","itemListElement":[{"@type":"ListItem","position":1,"name":"Accueil","item":"https:\/\/www.dubuisson-export.fr\/"},{"@type":"ListItem","position":2,"name":"Politique de confidentialit\u00e9"}]}]}},"_links":{"self":[{"href":"https:\/\/www.dubuisson-export.fr\/index.php?rest_route=\/wp\/v2\/pages\/3","targetHints":{"allow":["GET"]}}],"collection":[{"href":"https:\/\/www.dubuisson-export.fr\/index.php?rest_route=\/wp\/v2\/pages"}],"about":[{"href":"https:\/\/www.dubuisson-export.fr\/index.php?rest_route=\/wp\/v2\/types\/page"}],"author":[{"embeddable":true,"href":"https:\/\/www.dubuisson-export.fr\/index.php?rest_route=\/wp\/v2\/users\/1"}],"replies":[{"embeddable":true,"href":"https:\/\/www.dubuisson-export.fr\/index.php?rest_route=%2Fwp%2Fv2%2Fcomments&post=3"}],"version-history":[{"count":6,"href":"https:\/\/www.dubuisson-export.fr\/index.php?rest_route=\/wp\/v2\/pages\/3\/revisions"}],"predecessor-version":[{"id":2935,"href":"https:\/\/www.dubuisson-export.fr\/index.php?rest_route=\/wp\/v2\/pages\/3\/revisions\/2935"}],"wp:attachment":[{"href":"https:\/\/www.dubuisson-export.fr\/index.php?rest_route=%2Fwp%2Fv2%2Fmedia&parent=3"}],"curies":[{"name":"wp","href":"https:\/\/api.w.org\/{rel}","templated":true}]}}